. What is the units digit of y?
2
Suppose -255 = -4*w + 3*c, 2*w - 195 = 2*c - 69. What is the tens digit of w?
6
Suppose 3*w + 877 = -290. Let i = 633 + w. What is the hundreds digit of i?
2
Let x be (-2570)/22 - 12/66. Let q = x + 202. What is the tens digit of q?
8
Suppose 3 = -5*l - 12. Let c be (-25 + 12/l)*1. Let o = c - -41. What is the units digit of o?
2
Suppose 131 = -4*t + 975. Suppose 3*l + 0*l = 2*o - t, 541 = 5*o - 3*l. What is the hundreds digit of o?
1
Let x(t) = -9*t**2 + 10*t + 16*t + 3 + 11*t**2 + 3*t**2. What is the hundreds digit of x(3)?
1
What is the tens digit of 4/(90/(-120) + 11/12)?
2
Let n(z) = -z**3 - 7*z**2 - 2*z - 8. Let j be n(-7). Let g = -55 - -55. Suppose -p - 4*w = -63, g = -p + j*p - 4*w - 267. What is the units digit of p?
5
Suppose -53*j = -51*j + 30. Suppose 14 = c - 2. Let t = j + c. What is the units digit of t?
1
Let o be ((-2)/(-10)*5)/((-2)/(-474)). Let q = o - 95. What is the tens digit of q?
4
Let c(o) = 38*o + 147. What is the tens digit of c(11)?
6
Let s(h) = h**2 + 4*h - 10. Let k be s(-6). Suppose -5*d = -d. Suppose -3*z + 5*q - k = -2*z, d = -z + 2*q + 10. What is the tens digit of z?
1
Let a(v) = v**3 + 24*v**2 + 38*v + 54. What is the tens digit of a(-18)?
1
Let g(t) = t**2 + t. Let y be g(-3). Suppose -26 = 3*j + 2*s, y*j - 2*j + 58 = 2*s. What is the units digit of (27/(-4))/3*j?
7
Let p = 55 - 46. Suppose -1443 = -p*v - 219. What is the units digit of v?
6
Suppose 0 = -4*n - n + 30. Suppose 0 = -4*o + n - 30. Let i = -1 - o. What is the units digit of i?
5
Let g(r) = -2*r**3 - 9*r**2 + 5*r. Let k be g(-5). Let z(m) = m + 48. What is the tens digit of z(k)?
4
Let t be (-1023)/(-11)*(-2)/(-6). Let c = t - -7. What is the units digit of c?
8
Let c(v) = -v. Let z(w) = -6*w. Let d(n) = -5*c(n) + z(n). Let y be d(-2). Suppose 6*s - y*s = 116. What is the tens digit of s?
2
What is the units digit of 147*((-4)/(-12) - -6)?
1
Let m be (-6 - 9/(-3))*-1. Suppose 3*z - 99 = -5*v, m*z + 4*v = 6*v + 78. What is the tens digit of z?
2
Suppose -9*b + 7 = -8*b - 2*w, w = b - 10. What is the units digit of b?
3
Let w = -2 - -4. Suppose 3*z - 50 - 65 = -2*u, 3*z - 15 = 0. Suppose 0 = 2*r - 5*v - 40, w*r - 6*r - 5*v = -u. What is the units digit of r?
5
Suppose -19049 - 931 = -12*h. What is the tens digit of h?
6
Suppose l - 4*l + 99 = 0. Suppose 0 = 5*a + 4*r + 78, -2*a + 2*r - 3*r = l. What is the units digit of 3 - a*(4 - 3)?
1
Let h(g) be the first derivative of 7*g**2/2 + 20*g + 16. What is the units digit of h(6)?
2
Suppose -4*v + 2856 = -5*a, -5*v + 2674 + 891 = -5*a. What is the units digit of v?
9
Suppose -50 = 4*j - 6. What is the units digit of (4 - (j + -2)) + -2?
5
Suppose j + 77 + 7 = 0. Let q be 1 - (-986)/(-8) - 5/(-20). Let g = j - q. What is the tens digit of g?
3
Let f(v) be the second derivative of v**5/10 - v**4/6 + v**3/6 + 3*v**2/2 - v. Let s be f(2). Suppose -n + 53 = s. What is the units digit of n?
0
Let l(u) = u**3 + 5*u**2 + u - 3. Let b be l(-5). Let n(k) = k**3 + 9*k**2 - 2*k - 4. Let o be n(b). Suppose -4*h - o = -200. What is the tens digit of h?
3
Suppose 3 = 3*r - 12. Suppose -2*h = 0, 5*h - 372 = o - r*o. What is the units digit of o?
3
Let u(f) = 34*f**2 + 4. Suppose 3*m + 2*b + 6 = 4*m, 5*m + 2 = 2*b. What is the units digit of u(m)?
0
Let a(d) = -2*d**2 - 3*d - 17. Let v(y) = -5*y**2 - 9*y - 50. Let q(t) = 8*a(t) - 3*v(t). What is the units digit of q(5)?
4
Let h(x) = 622*x**2 + 13*x + 49. What is the units digit of h(-3)?
8
Suppose 15*x - 10*x - 674 = 4*n, -n + 535 = 4*x. What is the tens digit of x?
3
Let y = 13 - 8. Suppose 4*h - l = -0*l, y*h = -l. What is the units digit of h/(-5) + 1*16?
6
Suppose 4*w - 6 = 2*w. Let a(n) = -n**3 + n + 6 + 2*n**2 - 4 + 0 - w. What is the units digit of a(2)?
1
Let v(c) = -4*c**3 - 6*c**2 + 4*c + 42. What is the thousands digit of v(-8)?
1
Let z be 1/1 - (23 + -5). Let p = 19 + z. What is the units digit of -10 - -17 - (p + 0)?
5
What is the units digit of 56/(-14)*(16650/(-24))/5?
5
Let p be (-4 + (-36)/(-4))*1. Suppose p*x - 447 = w, 0*x + 5*w + 75 = x. What is the tens digit of x?
9
Let v be (-6)/(-8)*(-8 + 8 + 12). Let d(s) = s**2 + 4*s - 51. What is the tens digit of d(v)?
6
Let z be (5 + -1 + -5)*125*2. Let l = 362 + z. What is the tens digit of l?
1
Suppose 5*c + 99 + 186 = 0. Let a = 113 + c. What is the units digit of a?
6
Let n = 1070 - 715. What is the tens digit of n?
5
Let g(c) = 141*c - 9. Let b be g(1). Let m = 320 - b. What is the units digit of m?
8
Let g(n) = 5*n + 7*n + 2 - n**2 + 0 + 1. What is the units digit of g(9)?
0
Suppose -36 = 11*m + 63. What is the units digit of 56 + (-16)/9 + 2/m?
4
Suppose 22*j + 2448 = 26*j + 5*h, j = 3*h + 629. What is the units digit of j?
7
Let o = 7 + -277. Let n = -159 - o. What is the hundreds digit of n?
1
Suppose 36*f = 132*f - 72672. What is the tens digit of f?
5
Let b = 43 + -39. Suppose 0 = a - 6*a + 5*k, 0 = -2*k. Let s = a + b. What is the units digit of s?
4
Let o be -1 + 0 - (-1)/((-5)/5). Let k(n) = 0 - 2*n + 0 + 1. What is the units digit of k(o)?
5
What is the hundreds digit of (10212/(-16))/((-12)/16)?
8
Let k(d) = -d + 27. Let t be k(14). Let j = -13 - -13. Let m = j + t. What is the tens digit of m?
1
Let y(k) = -8*k + 40. Let n(s) = -3*s + 13. Let l(m) = -11*n(m) + 4*y(m). What is the units digit of l(-13)?
4
Suppose 4*x + 2*z - 4*z = 58, -2*x = z - 27. Let f = x + -16. What is the tens digit of f/4 - (-318)/12?
2
Let w = 326 + 433. What is the hundreds digit of w?
7
Let q(g) = 3*g**2 + 61. What is the tens digit of q(-8)?
5
Let j(r) = r**3 - 12*r**2 + 43*r + 1. What is the units digit of j(7)?
7
Let z(r) = r + 1. Let b be z(-9). Let w be -2 - b/2 - -2. Suppose 5*n - 3*u = w, 2*n - 3*n = -2*u + 2. What is the units digit of n?
2
Suppose -5*s - 6*y + 2*y - 6 = 0, 5*s - 5*y = 30. Suppose -n = -0*n - s. Let w = n - -9. What is the tens digit of w?
1
Let u(p) = p**3 + 22*p**2 + 55*p + 29. What is the tens digit of u(-16)?
8
Let z = -68 + 36. What is the units digit of -27*(z/(-12) + -4)?
6
What is the tens digit of 26128/44 - 3*(-4)/66?
9
Suppose -25*p - 4*p + 64612 = 0. What is the hundreds digit of p?
2
Let g be (-2)/(-12) - (-214)/12. Let m = g + -36. What is the units digit of (-52)/m*-3*-6?
2
Suppose 4*i - 14069 + 1411 = -5*g, 2*g = -2*i + 5064. What is the thousands digit of g?
2
Let b be (6128/(-48))/((1 + 0)/3). Let p = -234 - b. What is the tens digit of p?
4
Let f = -1119 + 2120. What is the hundreds digit of f?
0
Suppose -3*b = -8*b + 3765. Suppose -b = -5*j - 158. What is the tens digit of j?
1
Suppose -7*m + 408 = -3*m. Suppose -6*u + 146 = -208. Let f = m - u. What is the units digit of f?
3
Suppose -3*j + 12 = 3*v, 4*j + 0*j = -v + 13. What is the tens digit of (-5)/((-3)/(v - 13))*-1?
2
Suppose 0 = -3*d - 0*z - 5*z + 16, 3*d - 5*z + 4 = 0. What is the tens digit of ((-22)/8)/(d/(-72))?
9
Let m(u) = 3*u + 10. Suppose 3*y + 7 + 2 = 0. What is the units digit of m(y)?
1
Let b = -42 - -43. What is the tens digit of 3/15 - (-1977)/15*b?
3
Suppose -14*b - 27048 = -37*b. What is the units digit of b?
6
Let z(o) = 74*o**2 + 2*o + 45. What is the thousands digit of z(-9)?
6
Let y be ((-3)/9)/((-9)/243). What is the units digit of ((-14)/6)/(y/(-162))?
2
Let i = -143 + 151. Suppose p + i = 223. What is the hundreds digit of p?
2
Suppose 2*m = 0, 2*d = -0*d - 5*m. Let f = -1 + 3. Suppose 13 = f*c - 3*r, d*c - 10 = -c - 2*r. What is the units digit of c?
8
Suppose 13*k + 768 = 2783. What is the tens digit of k?
5
What is the units digit of (-19005)/(-28) + 15/(-20)?
8
What is the units digit of (2824/6)/(4/6)?
6
Let n = 234 + -85. Suppose 2*j - n = 1. What is the units digit of (0 + j/10)*4?
0
Suppose -17584 = -26*h + 39408. What is the tens digit of h?
9
Let p(y) = 4*y - 18. Let u be 2 - (-4 - 8) - 4. What is the units digit of p(u)?
2
Let h(w) = w + 8. Let n be h(-7). Let v be 3 - n - (4 + -2). What is the units digit of v - (-17 + 2/1)?
5
Let y(n) = -n**3 - 4*n**2 + 45*n + 87. What is the thousands digit of y(-17)?
3
Suppose 2*o + 15 = 3*j, -o + 4 = -4*j + 24. Suppose y = 4, j*s + 3*y = -19 + 216. What is the units digit of s?
7
Let n(m) = 7*m**2 + 2*m - 2. Let c be n(1). Suppose -4*a + c*a = 72. What is the units digit of a?
4
What is the tens digit o